er?
True
Suppose -63938 + 560198 = -3*d. Is (-14)/91 - d/52 a composite number?
False
Let h(s) = -24*s - 167. Let m be h(-7). Suppose 62 = -5*d - 43. Is (2801 - d)/(2*m) a prime number?
False
Let t(z) = -2*z**3 - 49*z**2 - 46*z - 524. Is t(-39) a prime number?
False
Suppose -2*u = -w + 120112, -5*w - 2*u + 600612 = u. Suppose 6*g + 5*x = g + w, -72077 = -3*g - 2*x. Is g a composite number?
False
Let j(g) = g + 19. Let s be j(-14). Suppose 0 = -0*z + s*z - 1825. Suppose -4*f + 2289 - z = 0. Is f composite?
True
Is 4*(-10 + (-40792)/(-32)) composite?
False
Let n(r) = 131*r**2 + 51*r - 395. Is n(-60) a composite number?
True
Suppose 0 = 4*n - 81 + 25. Suppose 3812 = 18*c - n*c. Is c a prime number?
True
Let r = 32379 + -16998. Suppose 4*g = 5*h + 119914, g - 14598 = h + r. Is g a composite number?
True
Let f = -283 - -305. Is f - 18 - (-835 - 0/2) prime?
True
Is ((-3)/2 - 0) + -15 + 3054028/8 prime?
True
Let h(l) be the first derivative of 463*l**2/2 - 42*l + 42. Is h(3) composite?
True
Let x(v) = -5460*v + 273. Let z(q) be the second derivative of -130*q**3/3 + 13*q**2/2 - 19*q. Let p(u) = -5*x(u) + 104*z(u). Is p(3) a prime number?
False
Let u(f) = f**3 + 4*f**2 + 4*f + 13. Let k be u(-3). Suppose j - 3715 = -4*o, -k*o = -12*o + j + 1859. Is o a prime number?
True
Suppose 0 = -39*a - 112*a + 4829997 + 6628336. Is a prime?
True
Suppose 15*k - 702 = 9663. Is k composite?
False
Suppose 9123 + 107206 = 4*g + 3*v, -5*g = -v - 145378. Is g a composite number?
False
Suppose 0 = -84*n + 83*n + 237173. Is n composite?
False
Suppose -30 = -3*s + 5*m, -4*m - 3 = 9. Suppose -9*c + s*k = -7*c - 13057, 3*k + 9 = 0. Is c composite?
False
Let m = -277856 + 392043. Is m a composite number?
True
Let x be 13/((-195)/(-20))*9/2. Let g be (3 + -3)/x + -9. Is 1/(g/2) + (-99440)/(-36) prime?
False
Let q be 0 + (1 - (-16)/2). Suppose -2*g + 59 = 5*j, 5*j + 51 + q = 5*g. Suppose 2979 = -g*c + 20*c. Is c composite?
True
Let j(v) = -447*v**3 + 2*v**2 + v + 13. Suppose 0 = 4*f, 3 = -2*k + 5*f - 3. Is j(k) prime?
True
Suppose 146312 = -64*d + 65*d. Suppose d = 15*u + 1397. Is u composite?
False
Suppose -8*a + 7*a + 2*t + 126057 = 0, -2*t = -3*a + 378191. Is a a prime number?
True
Let t(j) = -265*j**3 + j**2 - 61*j - 265. Is t(-4) a prime number?
False
Let d = -9464 + 17521. Suppose 17*b - 51322 + d = 0. Is b prime?
False
Let o be 0/(1/(-1)) - (113 + -115). Let a = -64712 - -135698. Suppose 4*h - a = -h + v, -2 = o*v. Is h composite?
False
Let f = 5 - 3. Suppose -f*r + 357 + 257 = 0. Is r prime?
True
Suppose 0 = 3*z - l - 189988, -29*z - 316645 = -34*z + 2*l. Is z prime?
True
Let y be 9/(-2)*36096/(-9). Let v = y - 9128. Suppose 6*r - 14*r + v = 0. Is r a prime number?
False
Let l(a) = -2*a + 208. Let b be l(0). Suppose 823 = 4*x + 2*j - 3*j, j = x - b. Suppose -3*d + 76 = -2*n - x, 0 = -5*d - 2*n + 495. Is d a prime number?
True
Let i = -77649 + 231760. Is i a composite number?
False
Suppose -7 = -3*f + 5*g, 5*f = 5*g + 8 + 7. Suppose 0 = 5*x + 2*q - 5940, 2*x + f*q = -x + 3550. Suppose 7466 - x = 6*l. Is l a prime number?
False
Suppose 39*y - 2693947 = -58*y - 39930. Is y a prime number?
True
Let s(q) = -76*q**2 - 50*q - 15. Let z be s(-16). Let b = -9732 - z. Is b prime?
False
Let l(b) = -9*b - 64. Let m be l(-34). Suppose 2*o - m = -3*w, o - 2*w - 31 - 104 = 0. Is o a prime number?
True
Let p be (5/(-2))/(2/(-4)). Suppose -2*j + 3786 = -2*t, t = p*j - 4903 - 4546. Is j/3*5/((-25)/(-15)) composite?
False
Suppose -25955 - 73045 = 3*p. Let k = p - -59099. Is k a prime number?
True
Suppose -14*d + 79 = -10*d + 3*i, 0 = -2*d + 3*i + 53. Suppose -37*y + d*y + 51105 = 0. Is y a prime number?
True
Is 4 + (-5 - -1) + (579509 - -92) composite?
True
Suppose 2*n = 5*n + 2*m + 25, -2*n = -3*m - 5. Let b(l) = 39*l**2 + 3 + 4*l - 3. Is b(n) prime?
False
Let g(l) = -2126*l**3 + 3*l**2 + 8*l + 20. Is g(-5) prime?
False
Suppose 0 = m - 3*r + 32, -2*m - 2*r - 109 = -13. Let y = -41 - m. Suppose -9 = -y*d + 3. Is d composite?
True
Let t = -351 - -642. Suppose -17*x - 2772 = 4*x. Let l = t + x. Is l a composite number?
True
Suppose 76*o = -60*o - 10*o + 315841070. Is o composite?
True
Suppose 5*z - 6*z + 1 = 0, -2*z - 326358 = 5*d. Let b = -24225 - d. Is b prime?
True
Let g be 2*-4 + 11 + -9. Let z(j) = 942*j**2 - 20*j - 1. Is z(g) prime?
True
Let i(h) = -h**2 + 4*h - 3. Let a be i(1). Suppose a = 3*m + f - 12 - 1, 4*f - 4 = 0. Is 788 - ((-2)/m)/(3/(-6)) composite?
False
Let m(w) be the third derivative of -3*w**6/40 - w**5/3 - 5*w**4/12 + 5*w**3/3 + 74*w**2. Is m(-8) a composite number?
True
Let a be (0*(-6)/6)/(-2). Suppose 5*i - 7*i - 10 = a, i = 2*k - 591. Is k a composite number?
False
Let r(s) = -9*s + 11. Suppose -8 = 4*b + a - 32, -4*b = -5*a - 48. Let p be r(b). Is 6*281/26 - 8/p composite?
True
Let y = -13081 + 19814. Is y composite?
False
Is ((-11013)/(-6))/(3*(-13)/(-858)) a prime number?
False
Let f(a) = -10*a - 242. Let y be f(-24). Is (-2637)/y - 61/(-122) a prime number?
True
Is 1/((-2)/6)*(1 - 750824/6) prime?
False
Suppose 0 = -3*v - 4*q + 1029 - 404, 0 = 2*v - q - 424. Suppose -3*f - v = -4*n, n + 4*f = 5*f + 54. Suppose 3*b + 16 = n. Is b a composite number?
False
Let z = -1295 + 680. Let r = -428 - z. Is r prime?
False
Suppose -30*r = -6*r - 837648. Let y = r + -12059. Is y a composite number?
True
Let d be -1 - (3 + 0 + 2007 + 5). Let y = -1129 - d. Is y a composite number?
False
Suppose -20*m + 13*m = 36*m - 3100945. Is m composite?
True
Suppose 4*m - 40 = -4*i, -5*m - 4*i = -13 - 32. Suppose m*j = -l + 91, 4*j = 5*l - j - 545. Is l prime?
False
Let w = 20010 - -217903. Is w a composite number?
True
Let f = 344 + 230. Suppose 2*g - 52 = 2*s + 1132, -2*g = -s - 1185. Suppose l = 4*i + g, 4*l = 2*i + 1756 + f. Is l a prime number?
False
Let a(b) = b**3 + 8*b**2 + 10*b - 8. Let o be a(-3). Suppose -o*q = 10*q - 69547. Is q a composite number?
False
Suppose -m + 9845 = -u, -3*m - 11*u = -9*u - 29565. Is m prime?
True
Suppose 37*r + 9 = 36*r. Is 4/(12/3945) - (r + 5) prime?
True
Suppose 4*z - 4236 - 13524 = 4*n, 0 = -5*z + n + 22180. Suppose -279*c + z = -274*c. Is c a prime number?
True
Suppose 2*t + 227 + 595 = -2*u, -t + 5*u - 441 = 0. Let g = t + -8. Let h = 2885 + g. Is h a composite number?
True
Let o(b) be the third derivative of 0*b**5 + 1/8*b**4 + 1/30*b**6 + 0 + 1/3*b**3 + 0*b + 30*b**2. Is o(3) composite?
True
Let o(m) = 5*m**2 + 9*m - 2. Let n be o(-5). Suppose 80*u = n*u + 25358. Is u composite?
True
Suppose -13*h + 6*h + 12*h - 1262545 = 0. Is h a prime number?
True
Let k be (-279)/39 + 4/26. Let v(l) = 4*l + 30. Let z be v(k). Suppose 138 = -z*i + 4*i + 4*c, -3*c = -6. Is i prime?
False
Suppose -7*t + 194*t - 6449856 = -5*t. Is t a prime number?
False
Suppose -12*b + 8371025 = -1307707. Is b a composite number?
True
Let a(j) = -17646*j - 2347. Is a(-8) composite?
False
Is (136051/(-68))/((-4)/16) prime?
False
Let z = -345 + 348. Suppose -88340 = -3*a - t - 11833, -z*t = 2*a - 51014. Is a a prime number?
False
Let o(t) = 1914*t - 181. Let c = 43 + -19. Is o(c) composite?
True
Let q be (109/(-3) + 2)*(6 + -3). Let i = q - -484. Is i a composite number?
True
Suppose 6342582 = 22*o + 2173780. Is o prime?
True
Let l(a) be the third derivative of -a**6/120 - 11*a**5/60 - 5*a**4/12 + 5*a**3/3 + 5*a**2. Let n be l(-10). Is 4068/n - 1/(-5) a prime number?
False
Let n(x) be the first derivative of 19*x**4/4 - 2*x**3/3 - 5*x**2/2 - 9*x + 68. Is n(8) a composite number?
False
Let w = 1643359 + -897162. Is w prime?
True
Suppose -4*s = -2*m - 122608, 5*s - 99899 = -5*m + 53406. Is s a prime number?
False
Suppose -5*j + 5*z = -22955, 52*z - 13755 = -3*j + 49*z. Suppose -3*v - y = -8, 0 = y + 4*y + 20. Suppose -j = -v*t + 1296. Is t a composite number?
False
Let u(a) = 1397*a**3 + 13*a**2 - 11*a + 6. Is u(7) composite?
True
Let w = 3149 - -2069. Suppose -3*y - 8715 = 5*p, -3*y = 3*p + y + w. Let n = -893 - p. Is n a composite number?
False
Let q(w) be the third derivative of -37*w**4/6 - w**3/6 - 64*w**2. Is q(-5) a prime number?
True
Let h(p) = -7*p**3 - 8*p**2 + 4*p + 12. Suppose x + 11 - 2 = 0. Let o be h(x). Is (-2)/(-13) + o/13 prime?
False
Let y(n) = 9*n**2 + 62*n - 8. Let j be y(-7). Is 30868 + -3 + j - -1 a prime number?
False
Let a(u) = 2632*u**2 - 530*u + 311